e the highest common factor of u and m.
3
Suppose -28 = -2*a + 2*m, a = -2*a + 4*m + 40. Suppose -42 + 106 = 4*q. Suppose -q = -o - 0*o. What is the highest common factor of a and o?
16
Let r(j) = j**2 + j + 1. Let y(n) = -n**2 - 4*n + 5. Let d(u) = r(u) - y(u). Let k be d(6). What is the greatest common divisor of 14 and k?
14
Let n(q) be the first derivative of q**3/3 - q**2/2 - 2*q + 1. Let f be n(3). Suppose f*b - 360 = -b. What is the greatest common factor of b and 18?
18
Suppose 5*d + 505 = 135. Let v = -36 - d. What is the greatest common factor of 95 and v?
19
Suppose -2*d = l - 126, 241 + 263 = 4*l - 5*d. Suppose 0 = 6*n - 5*n - 4, c = -4*n + 30. What is the highest common factor of l and c?
14
Suppose -2*d - 2*z + 4*z = -76, -2*d - 3*z + 76 = 0. Calculate the greatest common divisor of d and 38.
38
Let u(w) = -w + 36. Let a be u(0). Suppose -2*r = -0*r - a. What is the greatest common factor of r and 54?
18
Let m be 4 + ((-152)/(-4) - -3). What is the greatest common divisor of m and 5?
5
Let n be 5/15 - (-2)/(-6). Suppose n*b - 11 = -b. Suppose l = -0*l + 88. What is the greatest common divisor of l and b?
11
Suppose 0 = 5*z + 3 - 33. Calculate the highest common divisor of z and 6.
6
Let h(g) = -4*g - 1. Let a be h(1). Let o = a + 9. Calculate the highest common divisor of o and 12.
4
Suppose 2*j - 27 = -j. Let s be 1*(-1 + 2/1). Let c = j - s. What is the greatest common factor of 40 and c?
8
Let g = 4 + 0. Calculate the highest common divisor of 20 and g.
4
Let w(r) = r**3 + 4*r**2 - 4*r + 3. Let x be w(-5). Let v be (x + -1)*2/(-3). Let y = v + -1. What is the greatest common divisor of y and 4?
1
Let p be 6/4*(27 - -13). Calculate the highest common factor of 12 and p.
12
Let j be (2 + (-5)/2)*-4. Suppose -274 = -3*c - n, -4*c - j*n + 126 = -242. Calculate the highest common factor of c and 36.
18
Suppose p + 0 = 12. Calculate the highest common factor of 48 and p.
12
Suppose s = -2*u - 0*u + 26, -4*s + 14 = 2*u. What is the greatest common divisor of u and 75?
15
Let t be 5 - 1 - 0/3. Let y be ((-1)/1)/(t/(-196)). Suppose -5*w - c + 35 = 0, -31 + 3 = -4*w - 4*c. What is the highest common divisor of y and w?
7
Let i(l) = 6*l - 12. Let p be i(5). What is the highest common divisor of p and 18?
18
Let n(l) = 2*l + 60. Let o be n(-21). Calculate the highest common divisor of 54 and o.
18
Suppose 5*q + 115 = -5*s, 4 = 3*s - s. Let a(m) = -m**2 + 1. Let g be a(2). Let k be (1 - -1) + g - q. What is the highest common factor of 3 and k?
3
Suppose -3*o = -2*o - 2. Suppose 0 = -y + o*y - 96. Suppose -j + 12 = 4*z, 5*j - 2*z - 2*z = 60. What is the highest common divisor of y and j?
12
Let c(d) = -16*d - 36. Let i be c(-4). What is the highest common divisor of 7 and i?
7
Suppose -2*s + 3 = 2*o - 3*o, 0 = -5*s + o + 12. Let v(z) = z**3 - 7*z**2 - 8*z + 3. Let c be v(8). What is the highest common divisor of s and c?
3
Let i be (3/2)/((-1)/(-12)). Let g(h) = -7*h - 99. Let c be g(-18). What is the highest common factor of i and c?
9
Suppose 3*a - 21 + 18 = 0. Suppose 0*x = x - 8. Calculate the greatest common divisor of a and x.
1
Suppose 400 = 4*j - 5*x, -2*x = 3*x. Let m(d) = d**3 + 2*d**2 - 10*d - 5. Let y be m(-4). Suppose -p = -y*p + j. What is the highest common divisor of 20 and p?
10
Let c(r) = -2*r**3 - 22*r**2 - 23*r - 24. Let y be c(-10). What is the greatest common factor of 30 and y?
6
Let u be 18766/77 - (-4)/14. Suppose -4*w - 3*a = -u, a + a = 2*w - 136. Calculate the greatest common divisor of 8 and w.
8
Let i(d) be the second derivative of d**5/20 + d**4/2 + d**3 - 2*d. Let z be i(-4). Let l = 18 - z. What is the greatest common factor of l and 90?
10
Let c(q) = q**3 - 3*q**2 + 4*q. Let u be c(4). Let x = -19 + u. Calculate the highest common factor of 13 and x.
13
Let u = -530 - -838. Calculate the highest common divisor of 28 and u.
28
Suppose 14 = -a - 4*x, 0*a + 4 = 4*a + 4*x. Let y be (-8)/(-6) - 26/(-39). Let j be y/3 - (-2)/a. Calculate the greatest common divisor of 3 and j.
1
Let o = -10 - -17. Let h be (-2)/(-1*(-3)/(-6)). Suppose 28 + 28 = h*m. Calculate the greatest common factor of o and m.
7
Let m(a) = 2*a + 3. Let b be m(3). Let x = b - 6. Let o(j) = j**3 - 4*j**2 - 3*j - 4. Let p be o(5). What is the greatest common divisor of p and x?
3
Let p = 19 + -8. What is the highest common factor of p and 44?
11
Let j(w) = -w**2 - 7*w + 1. Let v be j(-7). Let s(u) = -u**3 - 2*u**2 + 2*u + 4. Let l be s(-3). What is the highest common divisor of v and l?
1
Let l(c) = 4*c**2 + 4*c + 5. Let x(g) = 3*g**2 + 3*g + 6. Let h(o) = 4*l(o) - 5*x(o). Let y be h(-7). Calculate the greatest common divisor of 8 and y.
8
Suppose 2*l - 18 + 8 = 0. What is the highest common divisor of l and 15?
5
Suppose -3*y - 5*a = -33, 2*y - 3*a - 25 = -3. Calculate the highest common divisor of y and 33.
11
Let o be 5/(-2)*(-1 + -1). Suppose -82 = -o*j - 4*b, 0*b = -5*j - 2*b + 76. Calculate the highest common factor of 2 and j.
2
Let o be (-4)/(-18) - 48/(-27). Suppose -2*s = -4*u - 2 - 2, 0 = -3*s - 2*u + 6. Calculate the greatest common factor of s and o.
2
Let o be 1 + 1 + (4 - 3). Suppose a - 8 = -o*a. What is the highest common factor of 8 and a?
2
Let g be (64/(-5))/((-18)/495). What is the highest common factor of 32 and g?
32
Let x be (2/1 - -3)/1. Let i(w) = w**2 - 3*w - 6. Let a be i(x). Calculate the highest common factor of a and 16.
4
Let m = 12 + 64. What is the greatest common factor of m and 114?
38
Suppose 0 = 6*c - 3*c + 438. Let t be (-2 + c/4)*-2. What is the greatest common factor of t and 11?
11
Let g be (0 - -14) + 2 + 0. Calculate the highest common divisor of 176 and g.
16
Let x(i) = 4*i - 2. Let r be x(4). Let w = r - 8. Suppose -4*h + 145 - 49 = 0. Calculate the greatest common divisor of w and h.
6
Let i(s) = 5*s - 1. Let t be i(2). Let p be -19 - 4 - (0 - 4). Let j = t - p. Calculate the highest common divisor of j and 7.
7
Let v(s) = -18*s - 27. Let q be v(-8). What is the highest common factor of q and 78?
39
Suppose 14*n + 231 = 17*n. Calculate the greatest common factor of 7 and n.
7
Let j(f) = f**2 + 9*f + 11. Let n be j(-8). Suppose 0 = -l + n*x + 1, 0 = 3*l - 3*x - 26 - 7. What is the greatest common factor of l and 176?
16
Let c(y) = 13*y**2 + y - 4. Let m be c(2). What is the greatest common factor of m and 20?
10
Let d(f) = 6*f + 3. Let o(q) = q - 1. Let m = 6 - 1. Let k be o(m). Let z be d(k). Calculate the greatest common divisor of 9 and z.
9
Suppose 7*d - 73 = 18. What is the highest common factor of d and 325?
13
Suppose 2*i - 5*a - 55 = 0, 4*a + 98 = 3*i + 12. Suppose u = -u + i. Calculate the greatest common factor of u and 10.
5
Let v = -39 + 72. What is the greatest common divisor of 22 and v?
11
Let l be 5/40 - (-715)/40. What is the highest common divisor of l and 72?
18
Let x = 1 + 4. Let n(j) = -j**3 + 6*j**2 - 3*j + 4. Let m be n(x). Let u be -4 + -3 + 5 + m. What is the greatest common divisor of u and 4?
4
Suppose -4*s + 25 = s. Calculate the highest common factor of s and 25.
5
Suppose 2*f - 17 = -5*p, 3*p = 2*p - f + 1. Suppose 4*a = 3*b + 556, -p*a - 4*b = -a - 528. What is the highest common factor of a and 17?
17
Let i(x) be the third derivative of -61*x**4/12 - x**3/3 + 7*x**2. Let b be i(-1). Calculate the greatest common factor of b and 48.
24
Let r = -35 - -52. Suppose 5*s = -2*g + 2*s + r, 0 = 2*s + 2. Suppose 9*h - 400 = 4*h. What is the greatest common factor of h and g?
10
Suppose -142 = -2*d - z, 272 = d + 3*d - z. What is the greatest common factor of d and 23?
23
Suppose -2*b - 12 = k + 18, 139 = -5*k + b. Let j be (-2960)/k - 2/(-7). Let w = j + -61. What is the highest common divisor of 5 and w?
5
Let p = -1 + 2. Let g = -6 + 15. What is the greatest common divisor of g and p?
1
Let g be 4/(3*3/126). What is the greatest common factor of 8 and g?
8
Let h(j) = 35*j + 3. Let a(z) = -176*z - 16. Let r(l) = -2*a(l) - 11*h(l). Let f be r(-2). Suppose 5*c - 24 = 41. What is the highest common divisor of c and f?
13
Let s be (-1 - 1) + 0 + 5. Suppose s*i - 90 = -0*i. Calculate the highest common factor of 10 and i.
10
Suppose -3*l + 63 - 3 = 0. Calculate the highest common factor of 220 and l.
20
Suppose -5*h = -s - 72, -s - h = -6*s - 312. Let t = s + 137. Calculate t